h = -124 - 144. Suppose -5*f = -3*m - 151 + 21, -5*m = 4*f - h. What is the greatest common divisor of 23 and f?
23
Let j = 37 + -31. Let x be -1 + (0 + -1 - -38). Calculate the greatest common divisor of j and x.
6
Suppose -3*y = -14*y + 33. Suppose -2*b + 2 = 2*s, -5*b - y*s + 9 = -b. What is the greatest common factor of b and 48?
6
Suppose 4*z = 24 + 40. Let f = -265 + 289. Calculate the greatest common divisor of f and z.
8
Let w(g) = 7*g**2 + g + 6. Let q be w(-3). Let r = 84 - q. Calculate the greatest common divisor of r and 27.
9
Suppose -5940 = -28*o + 10*o. Calculate the highest common factor of 30 and o.
30
Let x = 874 + -861. What is the highest common divisor of x and 923?
13
Let b(n) = 0*n**3 - 21*n**2 + 23*n + 24 + 3*n + 0*n**3 + n**3. Let l be b(20). What is the highest common divisor of l and 16?
16
Suppose -5*r + 24 = -r. Let a be (-4669)/5 - r/30. Let n be a/(-8) - 4/(-16). What is the greatest common divisor of 13 and n?
13
Let l(p) = -3*p**3 - 5*p**2 + 6*p + 8. Let i be l(-4). What is the highest common divisor of 20 and i?
4
Let t be (4/(-25))/((-6)/15)*230. Calculate the highest common divisor of 322 and t.
46
Let g be 78/2*4/(-3). Let w = g + 72. Calculate the greatest common divisor of w and 50.
10
Let o be (-14 - -2)*3/6 - -30. What is the greatest common factor of 1872 and o?
24
Let t be (-1)/((-15)/(-16) + -1). Let g be 1*4/(16/(-68)). Let k = 25 + g. What is the highest common factor of t and k?
8
Let o(q) = -q**3 + 4*q**2 + 4*q - 1. Let r be o(4). Let b = 14 + 16. Calculate the greatest common factor of b and r.
15
Let l be (-4)/(6/(-6) - 2/(-4)). Suppose -5*a + 54 = 4*u, 0*a - l = -4*a. What is the greatest common factor of u and 11?
11
Suppose 3*n - 174 = 2*f, 2*n + 0*f - 109 = -f. Calculate the highest common factor of 70 and n.
14
Let p be (10/15)/((-2)/(-183)). Let h = 117 - p. Let t = -78 + 162. What is the highest common divisor of t and h?
28
Let g = 14 - 13. Let w be (7/(-7))/(g/(-3)). Suppose 4*j + 26 = 5*p, w*p + 2*j = -1 - 1. What is the highest common divisor of 2 and p?
2
Let u = 21 + 41. Let x = -41 + u. Calculate the highest common divisor of 6 and x.
3
Let g be ((-13)/2)/((-30)/60). What is the highest common factor of 416 and g?
13
Suppose 41 = 2*f - 2*x + 1, 5*f - 108 = -3*x. Calculate the highest common divisor of 63 and f.
21
Suppose 0 = 17*k - 18 - 16. Let o = 3 + -2. What is the highest common divisor of o and k?
1
Suppose 540 = -17*t + 2529. Let y = -30 - -43. Calculate the highest common factor of t and y.
13
Suppose -54 = j - 3*j. Suppose -p - j = -4*p. Let v be (-1)/(-2)*152 - (-2 - -6). Calculate the highest common factor of v and p.
9
Suppose j + 7*j = -96. Let i be (3/(-12))/(1/j). Suppose -5*c = i*w - 57, -3*c - 4 + 41 = -w. Calculate the highest common factor of 108 and c.
12
Suppose 2*l + 5*g = 9, 0 = -2*l + 4*g + 45 - 9. Suppose -5*k = -8 - l, 26 = 2*o - 3*k. Calculate the highest common factor of o and 76.
19
Let x = -13152 - -13212. Let l be (-2 - -2) + 0 - -5. Suppose 0 = l*k - k - 60. What is the greatest common divisor of x and k?
15
Let i(g) = g - 6. Let u be i(6). Suppose u = 4*p + 23 + 9. Let q = p - -11. What is the greatest common factor of q and 1?
1
Let d be -47*68/(-10) - 82/(-205). What is the greatest common divisor of 32 and d?
32
Let k(h) = -2*h + 10. Let s(t) = 39*t**3 + 2*t**2 - t. Let p be s(1). Let b be (-27)/4 - (-30)/p. Let d be k(b). What is the highest common divisor of d and 22?
22
Suppose 14 = 4*d - 2*d. Let q = d - 1. Let y = q - -98. What is the greatest common divisor of y and 13?
13
Let k be (-25)/(-2)*(3 + 104/(-40)). What is the greatest common factor of k and 80?
5
Let z(r) = -r + 28. Let f(i) = -5*i + 44. Let a be f(6). Let d be z(a). Calculate the greatest common factor of d and 112.
14
Let n = 16 + -37. Let q = n + 29. Let a be (15 - 14)/(2/4). What is the highest common factor of q and a?
2
Let j = 727 + -678. What is the highest common divisor of j and 175?
7
Suppose 2*c = -0*c + 2*u + 4, -10 = 5*c + 5*u. Suppose -4*s + y - 28 = -132, c = 4*y. Let b = 28 - 2. What is the highest common factor of b and s?
26
Let s(f) = f**2 - 21*f - 56. Let d be s(-11). Calculate the highest common divisor of 37 and d.
37
Suppose -2*c + 3*f = 957, 2*c - 2406 = 7*c - 3*f. Let h = c + 681. Calculate the highest common factor of h and 22.
22
Let r(b) = -2*b - 14. Let k be r(6). Let f = k + 44. Let j be (54/4)/((-1)/(-12)). What is the greatest common factor of j and f?
18
Suppose f - 1887 = 5*j - 8*j, -1258 = -2*j - 3*f. What is the greatest common divisor of 187 and j?
17
Let f = 28 - 3. Let i = -25 + f. Suppose i*u - x = -u + 27, x = -5*u + 141. Calculate the highest common factor of 308 and u.
28
Suppose 33 = -3*s + 111. Suppose -k - 4*i = -s, 2*k = -0*i + 4*i + 16. What is the greatest common factor of k and 56?
14
Suppose 6*q - q - 110 = 0. Let z be -3 - -26*7/14. Let x be 38 - 2 - 2/(z/15). Calculate the greatest common factor of x and q.
11
Let a(x) = 3*x - 11*x**2 - 4 + 11 + 2*x**3 + 0*x + 1. Let f be a(7). What is the highest common factor of 16 and f?
16
Let r = 44 + -35. Calculate the highest common divisor of 45 and r.
9
Let s be 4/((-3)/((-81)/2)). Let o = -229 + 480. Suppose o = 3*i - 154. Calculate the greatest common factor of s and i.
27
Let g be -4 + 8605/35 - 5/(-35). What is the greatest common factor of 22 and g?
22
Let m(x) = -12*x + 175. Let n be m(13). Calculate the greatest common factor of n and 361.
19
Suppose 0*p = -3*p. Suppose -331*z + 408 = -314*z. Suppose p = -2*n - 0 + z. What is the highest common factor of 18 and n?
6
Let z be (1 - -7) + (-32)/(-8). Let b = -66 + 162. Calculate the greatest common divisor of b and z.
12
Suppose a - 1006 = 2*t + 658, 4178 = -5*t - 2*a. Let p = t - -1993. Let w be 2/(-12) - p/(-114). What is the greatest common divisor of w and 5?
5
Suppose -34*x - 36*x + 490 = 0. Calculate the highest common factor of x and 889.
7
Let f be (55/22)/(6/72). Calculate the greatest common divisor of f and 2370.
30
Let c = 1772 - 1415. Calculate the greatest common factor of c and 7.
7
Let s be 8 + (1/(-1) - 3/3). What is the greatest common divisor of s and 6?
6
Suppose 2*o - m = 62, -5*o + 2*o + 86 = -5*m. Calculate the greatest common factor of 128 and o.
32
Let u(r) = r**3 + 26*r**2 + 20*r + 30. Let y be u(-25). Suppose 5*w - 4*a - 165 = -2*a, 5*a - 68 = -3*w. Calculate the greatest common factor of w and y.
31
Suppose -5*y + 14 + 41 = 0. Suppose -385 = -5*q - 2*v, 2*q - 261 = -5*v - 107. What is the greatest common factor of q and y?
11
Suppose -2*u + 34 = -5*q, 3*u - q = -2*u + 62. Let v = -81 - -135. What is the highest common factor of u and v?
6
Suppose -4*d + 5*t - 156 = 0, -d - 3*t + 3 = 25. Let w = -28 - d. Calculate the greatest common divisor of 9 and w.
3
Let q = 10 - -185. Calculate the highest common divisor of 78 and q.
39
Let v(n) = -2*n - 3 - 3*n - 22. Let y be v(-13). Let p = -19 + y. What is the greatest common factor of 21 and p?
21
Suppose -3*c + 7 = -2*c. Let p = 19 - c. Suppose 27 = 5*z + 4*j + 5, -z + 2 = 2*j. What is the greatest common factor of p and z?
6
Suppose 5*x + 3*y = 45, 4*y + 13 = -5*x + 63. Let w(a) = a**2 + 28*a + 118. Let k be w(-23). Calculate the greatest common factor of x and k.
3
Suppose -4*q = 16, 2*q - 14 = -2*w + 6. Calculate the highest common divisor of 119 and w.
7
Suppose -40 = -7*y + 16. Let t = 15 + y. Calculate the highest common divisor of 161 and t.
23
Let s = 114 + -66. Let d(b) = b + 5. Let h be d(11). Calculate the greatest common factor of h and s.
16
Let u(w) = 83*w**2 - 23*w + 1. Let m be u(2). What is the highest common factor of m and 7?
7
Let y be (0 + -3)*1040/(-6). Suppose -5 - 1 = -3*f. Let p be ((-3)/f)/((-6)/y). Calculate the highest common factor of 26 and p.
26
Suppose -7*h + 2*h = p - 405, 170 = 2*h + 2*p. What is the highest common divisor of h and 12?
4
Let t(i) = -14*i - 401. Let v be t(-32). What is the highest common divisor of v and 1081?
47
Suppose -y = -0*h + 2*h - 11, 4*y - h - 44 = 0. Calculate the greatest common factor of y and 2.
1
Suppose -43*w + 15 = -38*w, 2*h + 2*w = 42. What is the highest common factor of 549 and h?
9
Let d(w) be the second derivative of -4*w**3/3 - 9*w**2/2 + 2*w. Let z be d(-5). Let c = z + -19. What